879247?
1879, 35593
List the prime factors of 3744075669.
3, 113, 11044471
List the prime factors of 286233329.
5867, 48787
List the prime factors of 3352802869.
13, 257907913
List the prime factors of 6796169507.
101, 67288807
What are the prime factors of 1050175938?
2, 3, 7, 3572027
List the prime factors of 65085824.
2, 461, 1103
List the prime factors of 650185318.
2, 1097, 296347
What are the prime factors of 18783262?
2, 9391631
List the prime factors of 33319382.
2, 797, 20903
What are the prime factors of 2236730139?
3, 7, 191, 61961
List the prime factors of 568560047.
11, 19, 2720383
List the prime factors of 6418747.
6418747
List the prime factors of 5132225707.
7, 733175101
List the prime factors of 86863680.
2, 3, 5, 30161
What are the prime factors of 128436720?
2, 3, 5, 31, 61, 283
What are the prime factors of 310432753?
310432753
List the prime factors of 193757060.
2, 5, 7, 19, 23, 3167
List the prime factors of 2187489804.
2, 3, 1367, 133351
What are the prime factors of 119713618?
2, 59856809
List the prime factors of 160389976.
2, 20048747
List the prime factors of 62508083.
11, 5682553
List the prime factors of 10034707.
10034707
What are the prime factors of 7590042?
2, 3, 71, 5939
List the prime factors of 366761712.
2, 3, 19, 149, 2699
What are the prime factors of 57219903?
3, 13, 479, 1021
What are the prime factors of 1949373979?
7, 278481997
What are the prime factors of 58810343?
58810343
List the prime factors of 1775538409.
239, 7429031
List the prime factors of 426247498.
2, 7537, 28277
List the prime factors of 248921352.
2, 3, 3457241
List the prime factors of 3331087202.
2, 17, 97973153
What are the prime factors of 215284270?
2, 5, 389, 55343
List the prime factors of 12421003.
7, 19, 61, 1531
What are the prime factors of 56653335?
3, 5, 97, 12979
List the prime factors of 91617171.
3, 433, 70529
List the prime factors of 28630199.
13, 193, 11411
List the prime factors of 1040418.
2, 3, 19267
List the prime factors of 1350656475.
3, 5, 7, 2572679
What are the prime factors of 168803976?
2, 3, 11, 193, 3313
List the prime factors of 423075643.
1597, 264919
List the prime factors of 3327551692.
2, 831887923
What are the prime factors of 746371609?
47, 15880247
What are the prime factors of 6425787738?
2, 3, 17, 62997919
List the prime factors of 2838745358.
2, 1259, 1127381
What are the prime factors of 94092723?
3, 67, 156041
List the prime factors of 283572228.
2, 3, 3581, 6599
List the prime factors of 6168707312.
2, 17, 53, 25171
List the prime factors of 404762255.
5, 80952451
What are the prime factors of 326686692?
2, 3, 617, 44123
What are the prime factors of 101069480?
2, 5, 227, 11131
List the prime factors of 93391481.
41, 2277841
List the prime factors of 719728916.
2, 179932229
What are the prime factors of 901931665?
5, 43, 61, 68771
List the prime factors of 68411937.
3, 11, 2073089
List the prime factors of 444457117.
13, 34189009
What are the prime factors of 4835583612?
2, 3, 131, 401, 2557
What are the prime factors of 1211618?
2, 605809
List the prime factors of 3160778871.
3, 1053592957
List the prime factors of 32208824.
2, 4026103
What are the prime factors of 11233326?
2, 3, 13, 79, 1823
What are the prime factors of 314183593?
29, 10833917
List the prime factors of 568139384.
2, 47, 149, 10141
List the prime factors of 30056523.
3, 7, 1431263
List the prime factors of 477524957.
7, 13, 433, 12119
List the prime factors of 321931566.
2, 3, 11, 239, 6803
What are the prime factors of 1012823754?
2, 3, 31, 73, 97, 769
List the prime factors of 113785221.
3, 11, 31, 111227
List the prime factors of 863880512.
2, 11, 1227103
What are the prime factors of 90213927?
3, 157, 191537
List the prime factors of 229905.
3, 5, 13, 131
What are the prime factors of 582481623?
3, 839, 231419
What are the prime factors of 72128477?
72128477
List the prime factors of 83601356.
2, 20900339
List the prime factors of 194815540.
2, 5, 9740777
List the prime factors of 2071723133.
2071723133
List the prime factors of 50628726.
2, 3, 59, 5297
What are the prime factors of 6924783228?
2, 3, 11, 52460479
List the prime factors of 347142808.
2, 43392851
What are the prime factors of 4570195997?
4570195997
What are the prime factors of 9456141?
3, 3152047
List the prime factors of 15393232.
2, 962077
What are the prime factors of 134132480?
2, 5, 43, 2437
What are the prime factors of 1731709524?
2, 3, 144309127
List the prime factors of 89625341.
13, 29, 237733
List the prime factors of 123763791.
3, 17, 2426741
What are the prime factors of 849841349?
7, 1009, 17189
What are the prime factors of 28889577?
3, 3209953
List the prime factors of 404115846.
2, 3, 67352641
What are the prime factors of 60597827?
61, 993407
What are the prime factors of 166686319?
1373, 121403
List the prime factors of 376701009.
3, 125567003
List the prime factors of 6242558.
2, 7, 127, 3511
What are the prime factors of 515829467?
29, 17787223
What are the prime factors of 82917961?
7, 991, 11953
List the prime factors of 5397109156.
2, 67, 191, 105437
What are the prime factors of 79546323?
3, 127, 281, 743
What are the prime factors of 4823709624?
2, 3, 1319, 16931
List the prime factors of 23867013.
3, 53, 150107
What are the prime factors of 1423126205?
5, 284625241
List the prime factors of 158170186.
2, 131, 233, 2591
List the prime factors of 16668658.
2, 419, 19891
List the prime factors of 4102349780.
2, 5, 205117489
List the prime factors of 124756590.
2, 3, 5, 7, 61, 9739
What are the prime factors of 1808319184?
2, 7, 3677, 4391
List the prime factors of 5209164868.
2, 19, 167, 257, 1597
What are the prime factors of 334318049?
13, 25716773
What are the prime factors of 105775900?
2, 5, 41, 25799
What are the prime factors of 192099069?
3, 953, 22397
List the prime factors of 1715195227.
19, 29, 397, 7841
What are the prime factors of 103161913?
59, 79, 22133
What are the prime factors of 363385900?
2, 5, 3633859
What are the prime factors of 3879058150?
2, 5, 11, 7052833
What are the prime factors of 791072324?
2, 7, 29, 281, 3467
List the prime factors of 362389193.
12659, 28627
List the prime factors of 28587952.
2, 31, 57637
List the prime factors of 103922693.
7, 131, 113329
List the prime factors of 606688846.
2, 303344423
List the prime factors of 1035527546.
2, 8693, 59561
What are the prime factors of 218429545?
5, 43685909
What are the prime factors of 91943564?
2, 67, 343073
List the prime factors of 4385446101.
3, 1709, 285121
List the prime factors of 82812710.
2, 5, 149, 55579
What are the prime factors of 2930604534?
2, 3, 11, 13, 17, 66973
List the prime factors of 214000964.
2, 17, 47, 66959
List the prime factors of 95443070.
2, 5, 2129, 4483
What are the prime factors of 251561342?
2, 17, 31, 238673
What are the prime factors of 30530567?
31, 757, 1301
What are the prime factors of 441787655?
5, 463, 190837
What are the prime factors of 29179233?
3, 3242137
What are the prime factors of 757482789?
3, 7, 36070609
List the prime factors of 54337269.
3, 7, 1471, 1759
What are the prime factors of 3246030017?
37, 379, 231479
List the prime factors of 308263548.
2, 3, 113, 463, 491
List the prime factors of 919178469.
3, 11, 3094877
What are the prime factors of 599359164?
2, 3, 49946597
What are the prime factors of 1583737943?
1583737943
What are the prime factors of 100516457?
37, 2716661
List the prime factors of 1095906338.
2, 547953169
What are the prime factors of 71241385?
5, 89, 160093
List the prime factors of 113187605.
5, 22637521
List the prime factors of 96225814.
2, 17, 59, 47969
What are the prime factors of 27114848?
2, 847339
List the prime factors of 2206023041.
1217, 1812673
What are the prime factors of 964177271?
964177271
What are the prime factors of 47628129?
3, 61, 260263
List the prime factors of 20261666.
2, 23, 440471
List the prime factors of 749395733.
239, 3135547
What are the prime factors of 116316106?
2, 23, 1381, 1831
List the prime factors of 86115978.
2, 3, 13, 28309
What are the prime factors of 35850760?
2, 5, 11, 59, 1381
What are the prime factors of 81224984?
2, 107, 94889
What are the prime factors of 2150099876?
2, 857, 627217
List the prime factors of 8